ided by 11.
7
Let d = 0 - -7. Calculate the remainder when (6/(-5))/((-3)/50) is divided by d.
6
Let d be (-2)/(-3) - (-680)/6. Suppose 2*b + 3*j = 72, -3*b + 6*b + 3*j = d. Calculate the remainder when b is divided by 22.
20
Suppose -4*j + 138 = 2*r, -j - 153 = -2*r - 0*j. What is the remainder when r is divided by 20?
15
Suppose 2*v - 65 = -13. Let j = -20 + 14. Let o = j + 20. What is the remainder when v is divided by o?
12
Let z(v) = -v**2 - 5*v + 8. Let r be (4/6)/(5/(-45)). Let t be z(r). Suppose t*m + m - 30 = 0. What is the remainder when 19 is divided by m?
9
Suppose 3*x - 28 = -4*k, -3 - 5 = k - 3*x. Suppose 3*v + 5 = k*v. Calculate the remainder when 12 is divided by v.
2
Suppose -j - 3*l + 7*l - 5 = 0, 3*l = 4*j - 19. Suppose j*k - 22 = 5*k. What is the remainder when 41 is divided by k?
8
Let y(t) = -t**2 + 7*t + 2. Suppose -3*b - 4*o = -70, 4*b - 2*o = -o + 87. What is the remainder when b is divided by y(6)?
6
Let m(t) = 7*t**2 - t - 2. Let w(u) = u**2 + 7*u + 5. Let k be w(-4). Let z = 17 + k. Calculate the remainder when m(-2) is divided by z.
8
Let a(p) = 96*p - 1. What is the remainder when a(1) is divided by 24?
23
Let h = 9 + -2. Suppose -6*d - 24 = -8*d. Calculate the remainder when d is divided by h.
5
Suppose 0 = r - 2*d - 3 - 3, -1 = d. Calculate the remainder when 4 is divided by r.
0
Let v(r) = -r**3 - 2*r**2 - 1. Let q be v(-4). Let w = q + -15. What is the remainder when (-276)/(-9) - (-2)/(-3) is divided by w?
14
Let r = 53 - 28. Calculate the remainder when 98 is divided by r.
23
Let l(i) = -i**2 + 8*i + 9. Let y be l(9). Suppose -2*o + 4 = 0, -2*o - 506 = -5*c - y*o. Calculate the remainder when c is divided by 26.
24
Suppose 0 = h - 46 - 39. Calculate the remainder when h is divided by 8.
5
Suppose -9*t + 8*t + 18 = 0. What is the remainder when 89 is divided by t?
17
What is the remainder when 2110/26 + 6/(-39) is divided by 28?
25
Suppose 89*k - 88*k - 50 = 0. Calculate the remainder when k is divided by 23.
4
What is the remainder when 40 is divided by (-2)/(3 - 88/28)?
12
Let p be (0 + -26)*1/(-2). Let w be (-1 - 22/6)*(-18)/12. Let g = p - w. Calculate the remainder when 10 is divided by g.
4
Suppose i - 66 - 6 = 0. Suppose -2*o = -3*b + 176, -i = -b - 0*o - 2*o. What is the remainder when b is divided by 16?
14
Suppose 0 = -4*z - 4, k + 4*z + 66 = 2*k. Let o = 87 - k. Let l = -16 + o. What is the remainder when l is divided by 5?
4
Suppose 2*p - 2*s + s - 29 = 0, -5*p + 53 = 4*s. What is the remainder when 64 is divided by p?
12
Suppose -h = w - 3*h - 8, 4*w = -3*h + 10. What is the remainder when 3 + 1/(-1) - -26 is divided by 264/27 + w/18?
8
Let d(h) = -h**3 + 4*h**2 + h - 3. Let f be d(4). Let a(q) = 10*q**3 - q**2 + 1. What is the remainder when f + 0 - -1 - -17 is divided by a(1)?
9
Let z be 4*1 + (-5 - -3). Suppose -z*j = 2*j - 20. Calculate the remainder when j is divided by 3.
2
Let u(t) = -6*t - 19. What is the remainder when -1*(-1 - -1 - 31) is divided by u(-5)?
9
Let z = 89 + -83. Calculate the remainder when 52 is divided by z.
4
Let k(s) = -19*s + 2. Let r be k(-3). Suppose -5*u + 20 + 9 = 4*b, 0 = -4*b + 5*u + r. Calculate the remainder when 20 is divided by b.
9
What is the remainder when -1*(2 + -8) - 0 is divided by 3?
0
Let v = 27 - 8. Let g be 47/(-4) - 1/4. Calculate the remainder when (-435)/g + 1/(-4) is divided by v.
17
Let v(u) = u**3 + 9*u**2 + 7*u + 2. Suppose 8 = 2*b - 0. Calculate the remainder when v(-8) is divided by b.
2
Let i = -2 + 3. Let j = 8 + i. What is the remainder when 28 is divided by (j/(-15))/((-2)/50)?
13
Suppose 6 = 5*q - 19. Suppose -4*t + t = 0. Suppose w + 4*w - 10 = t. What is the remainder when q is divided by w?
1
Suppose -2*i + 50 = 2*f, 0*i - 3*f = 4*i - 100. Calculate the remainder when 98 is divided by i.
23
Suppose -6*r + 9*r - 213 = 0. What is the remainder when r is divided by 12?
11
Let p(f) = f**3 + 43. Let q(n) = -n**3 - 6*n**2 + 6*n + 4. Calculate the remainder when p(0) is divided by q(-7).
10
Let k(b) = -2*b**3 - 7*b**2 - 5*b + 3. Let f be k(-4). Suppose 4*c = j + 52, c - f = -2*c + 5*j. Calculate the remainder when c is divided by 5.
3
Let g be (-3 + 2)*(0 - 0). Let a(p) = p**3 + p**2 + p + 12. What is the remainder when 33 is divided by a(g)?
9
Suppose 3*b = 9*b - 414. What is the remainder when b is divided by 8?
5
Let n = 6 - 4. Suppose -225 = n*f - 5*f. Suppose -w + f = 2*b, -6*w + 5 = -w. What is the remainder when b is divided by 13?
11
Suppose 0 = 2*v + 3*v - 85. Let j = 7 - v. Calculate the remainder when 1 is divided by j/(-6) - (-8)/(-12).
0
Let l be 2/(4*1/10). Let h(u) = -u**3 + 4*u**2 + 4*u + 7. Let p be h(l). What is the remainder when 10 + p*6/4 is divided by 5?
3
Suppose 5*w + 37 - 247 = 0. Suppose -33 = -3*k + w. Calculate the remainder when 74 is divided by k.
24
Suppose 1 = 3*o - 4*k, 4*o - 23 = 3*k - 10. What is the remainder when 25 is divided by o?
4
Let a(w) = w**3 - 5*w**2 - 3*w + 1. Calculate the remainder when (-3 - 2)/(1/(-11)) is divided by a(6).
17
Suppose -3*q + 60 = 3*f - 4*q, -3*q = 3*f - 48. What is the remainder when 66 is divided by f?
9
Let s be 4 - (-2 - (1 + -29)). Suppose -4*c - 5 - 47 = 0. Let p = c - s. What is the remainder when 33 is divided by p?
6
Let r = 9 - 6. Suppose -2*c - 44 = -r*c. Suppose 0 = -y - 2*y + 2*j + 51, 66 = 5*y + 3*j. What is the remainder when c is divided by y?
14
Let f be (-16)/6*(-9)/6. Suppose 65 = -3*i - 2*m - 163, f*i + 303 = -3*m. What is the remainder when i/8*8/(-3) is divided by 9?
8
Let w be 3/((-9)/(-3) - 4). Let n(u) = u**3 + 4*u**2 + 2*u + 4. Calculate the remainder when 27 is divided by n(w).
6
What is the remainder when -219*(2 + 3)/(-15) is divided by 19?
16
Suppose -4*y + 28 + 4 = 0. What is the remainder when 274/18 + (-2)/9 is divided by y?
7
Suppose -5*m - 546 = -11*m. What is the remainder when m is divided by 20?
11
Let z be 9/2 + (-2)/(-4). Suppose 5*p = z*k - 80, 0 = -4*k - 3*p + 72 + 20. Calculate the remainder when k is divided by (-6)/(-45) - 163/(-15).
9
Let i = -104 + 213. What is the remainder when i is divided by 22?
21
What is the remainder when 96 is divided by -2 - -1 - (1 - 48) - -3?
47
Suppose 3*f = f + 24. Calculate the remainder when 2/(-4)*(-47 + 1) is divided by f.
11
Suppose 7 + 21 = h. What is the remainder when 167 is divided by h?
27
Let x = -15 - -17. Suppose -j = x*j - 33. Calculate the remainder when 29 is divided by j.
7
Suppose -5*v - 2*q + 71 = 0, 3*v - 2*q + 3 = 52. Calculate the remainder when 59 is divided by v.
14
Suppose -2*z + i = -4, -3*i + 43 = 4*z + 15. Suppose z*a - 12 = a. Suppose a*t - 3*t = 59. What is the remainder when t is divided by 15?
14
Let x(g) = -2*g - 17. Calculate the remainder when 18 is divided by x(-12).
4
Let a = 84 + -44. Suppose 0 = 4*o - 8 - a. What is the remainder when 23 is divided by o?
11
Calculate the remainder when 45 is divided by (-161)/14*-1*2.
22
Let j be (-3)/12 - (-42)/8. Let h(o) = -o. Let t be h(-3). Suppose -3*u + 0*k - t*k = -15, j = 4*u - k. What is the remainder when 2 is divided by u?
0
Suppose 0*p + 4 = 2*p. Suppose -p*g = 4*o - 74, 0 = 4*o - 2*g - 71 + 9. Calculate the remainder when 14/(10/(-14) - -1) is divided by o.
15
Let t(p) = -p**3 - 11*p**2 + 9*p - 10. What is the remainder when t(-12) is divided by 7?
5
Suppose -11*h + 144 = 12. Calculate the remainder when 71 is divided by h.
11
Let r be (-26)/(-4)*(0 + 4). Let n = -15 + r. What is the remainder when 19 is divided by n?
8
Let w(f) = -f**3 - 6*f**2 - 6*f + 2. Suppose 3*o = -4*a + 2, o + 2*a + 26 = 6*a. Let s = -10 + 23. What is the remainder when w(o) is divided by s?
12
Suppose -5*v - 3*c + 34 = -7*c, 4*c = -4*v + 20. Let b(y) = 2*y**2 + 4*y - 2. Let t be b(-4). Calculate the remainder when 312/t + 2/(-7) is divided by v.
4
Let u be 1/(-4) - 194/(-8). Suppose 0 = -2*h + 4, 4*n + 2*h - 132 = -u. Suppose 0 = -2*o + 13 + 15. What is the remainder when n is divided by o?
12
Let n(j) = j**2 + 6*j + 2. Let i = 3 - 9. Let u be n(i). What is the remainder when (u + 0 - -9) + 2 is divided by 5?
3
Suppose -30 + 0 = -5*w. Calculate the remainder when 9 is divided by w.
3
Suppose -p + 92 = -5*z, 0 = -5*p + 11 - 1. Let b = z + 31. Suppose b = 2*v - 37. Calculate the remainder when v is divided by 9.
7
Suppose r - 88 = -r.